{"id":1734,"date":"2018-12-14T12:20:40","date_gmt":"2018-12-14T12:20:40","guid":{"rendered":"https:\/\/demo.gloriathemes.com\/eventchamp\/demo\/?page_id=1734"},"modified":"2020-05-12T07:14:25","modified_gmt":"2020-05-12T05:14:25","slug":"aktualnosci","status":"publish","type":"page","link":"https:\/\/v1-targi.brno.pl\/index.php\/aktualnosci\/","title":{"rendered":"Aktualno\u015bci"},"content":{"rendered":"<p>[vc_row][vc_column]<div class=\"gt-blog gt-style3\"><div class=\"gt-columns gt-column-1 gt-column-space-0\"><div class=\"gt-col\"><div class=\"gt-inner\"><div class=\"gt-post-style-3\"><div class=\"gt-image\"><a href=\"https:\/\/v1-targi.brno.pl\/index.php\/2025\/11\/06\/polskie-firmy-z-szansa-na-ekspansje-msv-2026-w-brnie-z-dotacjami-parp\/\"><img decoding=\"async\" width=\"150\" height=\"150\" src=\"https:\/\/v1-targi.brno.pl\/wp-content\/uploads\/2025\/12\/MSV-2025-01-150x150.webp\" class=\"attachment-thumbnail size-thumbnail wp-post-image\" alt=\"\" srcset=\"https:\/\/v1-targi.brno.pl\/wp-content\/uploads\/2025\/12\/MSV-2025-01-150x150.webp 150w, https:\/\/v1-targi.brno.pl\/wp-content\/uploads\/2025\/12\/MSV-2025-01-350x350.webp 350w, https:\/\/v1-targi.brno.pl\/wp-content\/uploads\/2025\/12\/MSV-2025-01-650x650.webp 650w, https:\/\/v1-targi.brno.pl\/wp-content\/uploads\/2025\/12\/MSV-2025-01-85x85.webp 85w\" sizes=\"(max-width: 150px) 100vw, 150px\" \/><\/a><\/div><div class=\"gt-content\"><div class=\"gt-title\"><a href=\"https:\/\/v1-targi.brno.pl\/index.php\/2025\/11\/06\/polskie-firmy-z-szansa-na-ekspansje-msv-2026-w-brnie-z-dotacjami-parp\/\">Z dotacjami PARP na MSV 2026. Polska oferta na czeskim rynku<\/a><\/div><div class=\"gt-information\"><div class=\"gt-item\"><svg xmlns=\"https:\/\/www.w3.org\/2000\/svg\" width=\"18\" height=\"18\" viewBox=\"0 0 24 24\" fill=\"none\" stroke=\"currentColor\" stroke-width=\"2\" stroke-linecap=\"round\" stroke-linejoin=\"round\"><path d=\"M22 19a2 2 0 0 1-2 2H4a2 2 0 0 1-2-2V5a2 2 0 0 1 2-2h5l2 3h9a2 2 0 0 1 2 2z\"><\/path><\/svg><ul class=\"post-categories\">\n\t<li><a href=\"https:\/\/v1-targi.brno.pl\/index.php\/category\/aktualnosci\/\" rel=\"category tag\">Aktualno\u015bci<\/a><\/li><\/ul><\/div><\/div><\/div><\/div><\/div><\/div><div class=\"gt-col\"><div class=\"gt-inner\"><div class=\"gt-post-style-3\"><div class=\"gt-image\"><a href=\"https:\/\/v1-targi.brno.pl\/index.php\/2025\/10\/29\/amper-2026-wiosna-brno-znow-stolica-innowacji-w-elektrotechnice-i-energetyce\/\"><img decoding=\"async\" width=\"150\" height=\"150\" src=\"https:\/\/v1-targi.brno.pl\/wp-content\/uploads\/2025\/12\/AMPER-2025-04-150x150.jpg\" class=\"attachment-thumbnail size-thumbnail wp-post-image\" alt=\"\" srcset=\"https:\/\/v1-targi.brno.pl\/wp-content\/uploads\/2025\/12\/AMPER-2025-04-150x150.jpg 150w, https:\/\/v1-targi.brno.pl\/wp-content\/uploads\/2025\/12\/AMPER-2025-04-350x350.jpg 350w, https:\/\/v1-targi.brno.pl\/wp-content\/uploads\/2025\/12\/AMPER-2025-04-650x650.jpg 650w, https:\/\/v1-targi.brno.pl\/wp-content\/uploads\/2025\/12\/AMPER-2025-04-85x85.jpg 85w\" sizes=\"(max-width: 150px) 100vw, 150px\" \/><\/a><\/div><div class=\"gt-content\"><div class=\"gt-title\"><a href=\"https:\/\/v1-targi.brno.pl\/index.php\/2025\/10\/29\/amper-2026-wiosna-brno-znow-stolica-innowacji-w-elektrotechnice-i-energetyce\/\">AMPER 2026: Technologie, innowacje i mocny program w jednym<\/a><\/div><div class=\"gt-information\"><div class=\"gt-item\"><svg xmlns=\"https:\/\/www.w3.org\/2000\/svg\" width=\"18\" height=\"18\" viewBox=\"0 0 24 24\" fill=\"none\" stroke=\"currentColor\" stroke-width=\"2\" stroke-linecap=\"round\" stroke-linejoin=\"round\"><path d=\"M22 19a2 2 0 0 1-2 2H4a2 2 0 0 1-2-2V5a2 2 0 0 1 2-2h5l2 3h9a2 2 0 0 1 2 2z\"><\/path><\/svg><ul class=\"post-categories\">\n\t<li><a href=\"https:\/\/v1-targi.brno.pl\/index.php\/category\/aktualnosci\/\" rel=\"category tag\">Aktualno\u015bci<\/a><\/li><\/ul><\/div><\/div><\/div><\/div><\/div><\/div><div class=\"gt-col\"><div class=\"gt-inner\"><div class=\"gt-post-style-3\"><div class=\"gt-image\"><a href=\"https:\/\/v1-targi.brno.pl\/index.php\/2025\/10\/20\/66-miedzynarodowe-targi-maszynowe-w-brnie-o-przyszlosci-przemyslu\/\"><img decoding=\"async\" width=\"150\" height=\"150\" src=\"https:\/\/v1-targi.brno.pl\/wp-content\/uploads\/2025\/10\/MSV-2025-04-150x150.jpg\" class=\"attachment-thumbnail size-thumbnail wp-post-image\" alt=\"\" srcset=\"https:\/\/v1-targi.brno.pl\/wp-content\/uploads\/2025\/10\/MSV-2025-04-150x150.jpg 150w, https:\/\/v1-targi.brno.pl\/wp-content\/uploads\/2025\/10\/MSV-2025-04-350x350.jpg 350w, https:\/\/v1-targi.brno.pl\/wp-content\/uploads\/2025\/10\/MSV-2025-04-650x650.jpg 650w, https:\/\/v1-targi.brno.pl\/wp-content\/uploads\/2025\/10\/MSV-2025-04-85x85.jpg 85w\" sizes=\"(max-width: 150px) 100vw, 150px\" \/><\/a><\/div><div class=\"gt-content\"><div class=\"gt-title\"><a href=\"https:\/\/v1-targi.brno.pl\/index.php\/2025\/10\/20\/66-miedzynarodowe-targi-maszynowe-w-brnie-o-przyszlosci-przemyslu\/\">66. Mi\u0119dzynarodowe Targi Maszynowe. W Brnie o przysz\u0142o\u015bci przemys\u0142u<\/a><\/div><div class=\"gt-information\"><div class=\"gt-item\"><svg xmlns=\"https:\/\/www.w3.org\/2000\/svg\" width=\"18\" height=\"18\" viewBox=\"0 0 24 24\" fill=\"none\" stroke=\"currentColor\" stroke-width=\"2\" stroke-linecap=\"round\" stroke-linejoin=\"round\"><path d=\"M22 19a2 2 0 0 1-2 2H4a2 2 0 0 1-2-2V5a2 2 0 0 1 2-2h5l2 3h9a2 2 0 0 1 2 2z\"><\/path><\/svg><ul class=\"post-categories\">\n\t<li><a href=\"https:\/\/v1-targi.brno.pl\/index.php\/category\/aktualnosci\/\" rel=\"category tag\">Aktualno\u015bci<\/a><\/li><\/ul><\/div><\/div><\/div><\/div><\/div><\/div><div class=\"gt-col\"><div class=\"gt-inner\"><div class=\"gt-post-style-3\"><div class=\"gt-image\"><a href=\"https:\/\/v1-targi.brno.pl\/index.php\/2025\/10\/01\/mine-build-brno\/\"><img decoding=\"async\" width=\"150\" height=\"150\" src=\"https:\/\/v1-targi.brno.pl\/wp-content\/uploads\/2025\/11\/mine-build-profil-02-150x150.jpg\" class=\"attachment-thumbnail size-thumbnail wp-post-image\" alt=\"\" srcset=\"https:\/\/v1-targi.brno.pl\/wp-content\/uploads\/2025\/11\/mine-build-profil-02-150x150.jpg 150w, https:\/\/v1-targi.brno.pl\/wp-content\/uploads\/2025\/11\/mine-build-profil-02-350x350.jpg 350w, https:\/\/v1-targi.brno.pl\/wp-content\/uploads\/2025\/11\/mine-build-profil-02-650x650.jpg 650w, https:\/\/v1-targi.brno.pl\/wp-content\/uploads\/2025\/11\/mine-build-profil-02-85x85.jpg 85w\" sizes=\"(max-width: 150px) 100vw, 150px\" \/><\/a><\/div><div class=\"gt-content\"><div class=\"gt-title\"><a href=\"https:\/\/v1-targi.brno.pl\/index.php\/2025\/10\/01\/mine-build-brno\/\">MINE &#038; BUILD Brno 2026: Nowa platforma \u0142\u0105cz\u0105ca bran\u017c\u0119 wydobywcz\u0105 i budowlan\u0105<\/a><\/div><div class=\"gt-information\"><div class=\"gt-item\"><svg xmlns=\"https:\/\/www.w3.org\/2000\/svg\" width=\"18\" height=\"18\" viewBox=\"0 0 24 24\" fill=\"none\" stroke=\"currentColor\" stroke-width=\"2\" stroke-linecap=\"round\" stroke-linejoin=\"round\"><path d=\"M22 19a2 2 0 0 1-2 2H4a2 2 0 0 1-2-2V5a2 2 0 0 1 2-2h5l2 3h9a2 2 0 0 1 2 2z\"><\/path><\/svg><ul class=\"post-categories\">\n\t<li><a href=\"https:\/\/v1-targi.brno.pl\/index.php\/category\/aktualnosci\/\" rel=\"category tag\">Aktualno\u015bci<\/a><\/li><\/ul><\/div><\/div><\/div><\/div><\/div><\/div><div class=\"gt-col\"><div class=\"gt-inner\"><div class=\"gt-post-style-3\"><div class=\"gt-image\"><a href=\"https:\/\/v1-targi.brno.pl\/index.php\/2025\/08\/12\/brno-w-oczach-czechow-2025\/\"><img decoding=\"async\" width=\"150\" height=\"150\" src=\"https:\/\/v1-targi.brno.pl\/wp-content\/uploads\/2025\/08\/Veletrhy-Brno-150x150.webp\" class=\"attachment-thumbnail size-thumbnail wp-post-image\" alt=\"Brno w oczach Czech\u00f3w\" srcset=\"https:\/\/v1-targi.brno.pl\/wp-content\/uploads\/2025\/08\/Veletrhy-Brno-150x150.webp 150w, https:\/\/v1-targi.brno.pl\/wp-content\/uploads\/2025\/08\/Veletrhy-Brno-350x350.webp 350w, https:\/\/v1-targi.brno.pl\/wp-content\/uploads\/2025\/08\/Veletrhy-Brno-650x650.webp 650w, https:\/\/v1-targi.brno.pl\/wp-content\/uploads\/2025\/08\/Veletrhy-Brno-85x85.webp 85w\" sizes=\"(max-width: 150px) 100vw, 150px\" \/><\/a><\/div><div class=\"gt-content\"><div class=\"gt-title\"><a href=\"https:\/\/v1-targi.brno.pl\/index.php\/2025\/08\/12\/brno-w-oczach-czechow-2025\/\">Brno w oczach Czech\u00f3w 2025<\/a><\/div><div class=\"gt-information\"><div class=\"gt-item\"><svg xmlns=\"https:\/\/www.w3.org\/2000\/svg\" width=\"18\" height=\"18\" viewBox=\"0 0 24 24\" fill=\"none\" stroke=\"currentColor\" stroke-width=\"2\" stroke-linecap=\"round\" stroke-linejoin=\"round\"><path d=\"M22 19a2 2 0 0 1-2 2H4a2 2 0 0 1-2-2V5a2 2 0 0 1 2-2h5l2 3h9a2 2 0 0 1 2 2z\"><\/path><\/svg><ul class=\"post-categories\">\n\t<li><a href=\"https:\/\/v1-targi.brno.pl\/index.php\/category\/aktualnosci\/\" rel=\"category tag\">Aktualno\u015bci<\/a><\/li><\/ul><\/div><\/div><\/div><\/div><\/div><\/div><div class=\"gt-col\"><div class=\"gt-inner\"><div class=\"gt-post-style-3\"><div class=\"gt-image\"><a href=\"https:\/\/v1-targi.brno.pl\/index.php\/2025\/07\/28\/targi-amper-2026-brno\/\"><img decoding=\"async\" width=\"150\" height=\"150\" src=\"https:\/\/v1-targi.brno.pl\/wp-content\/uploads\/2025\/07\/Webp-Amper-2026-motyw-webp-150x150.webp\" class=\"attachment-thumbnail size-thumbnail wp-post-image\" alt=\"\" srcset=\"https:\/\/v1-targi.brno.pl\/wp-content\/uploads\/2025\/07\/Webp-Amper-2026-motyw-webp-150x150.webp 150w, https:\/\/v1-targi.brno.pl\/wp-content\/uploads\/2025\/07\/Webp-Amper-2026-motyw-webp-350x350.webp 350w, https:\/\/v1-targi.brno.pl\/wp-content\/uploads\/2025\/07\/Webp-Amper-2026-motyw-webp-650x650.webp 650w, https:\/\/v1-targi.brno.pl\/wp-content\/uploads\/2025\/07\/Webp-Amper-2026-motyw-webp-1200x1200.webp 1200w, https:\/\/v1-targi.brno.pl\/wp-content\/uploads\/2025\/07\/Webp-Amper-2026-motyw-webp-85x85.webp 85w\" sizes=\"(max-width: 150px) 100vw, 150px\" \/><\/a><\/div><div class=\"gt-content\"><div class=\"gt-title\"><a href=\"https:\/\/v1-targi.brno.pl\/index.php\/2025\/07\/28\/targi-amper-2026-brno\/\">Veletrhy Brno organizatorem AMPER 2026. Nowy rozdzia\u0142 targ\u00f3w<\/a><\/div><div class=\"gt-information\"><div class=\"gt-item\"><svg xmlns=\"https:\/\/www.w3.org\/2000\/svg\" width=\"18\" height=\"18\" viewBox=\"0 0 24 24\" fill=\"none\" stroke=\"currentColor\" stroke-width=\"2\" stroke-linecap=\"round\" stroke-linejoin=\"round\"><path d=\"M22 19a2 2 0 0 1-2 2H4a2 2 0 0 1-2-2V5a2 2 0 0 1 2-2h5l2 3h9a2 2 0 0 1 2 2z\"><\/path><\/svg><ul class=\"post-categories\">\n\t<li><a href=\"https:\/\/v1-targi.brno.pl\/index.php\/category\/aktualnosci\/\" rel=\"category tag\">Aktualno\u015bci<\/a><\/li><\/ul><\/div><\/div><\/div><\/div><\/div><\/div><\/div><nav class=\"gt-pagination\"><ul><li><a href=\"https:\/\/v1-targi.brno.pl\/index.php\/wp-json\/wp\/v2\/pages\/1734\/page\/2\/\" >Nast\u0119pna strona<\/a><\/li><\/ul><\/nav><\/div>[\/vc_column][\/vc_row]<\/p>\n","protected":false},"excerpt":{"rendered":"<p>[vc_row][vc_column][\/vc_column][\/vc_row]<\/p>\n","protected":false},"author":5,"featured_media":0,"parent":0,"menu_order":0,"comment_status":"closed","ping_status":"closed","template":"","meta":{"footnotes":""},"class_list":["post-1734","page","type-page","status-publish","hentry"],"yoast_head":"<!-- This site is optimized with the Yoast SEO Premium plugin v26.4 (Yoast SEO v27.4) - https:\/\/yoast.com\/product\/yoast-seo-premium-wordpress\/ -->\n<title>Aktualno\u015bci &#187; Agencja Promocji Eksportu<\/title>\n<meta name=\"robots\" content=\"index, follow, max-snippet:-1, max-image-preview:large, max-video-preview:-1\" \/>\n<link rel=\"canonical\" href=\"https:\/\/v1-targi.brno.pl\/index.php\/aktualnosci\/\" \/>\n<meta property=\"og:locale\" content=\"pl_PL\" \/>\n<meta property=\"og:type\" content=\"article\" \/>\n<meta property=\"og:title\" content=\"Aktualno\u015bci\" \/>\n<meta property=\"og:description\" content=\"[vc_row][vc_column][\/vc_column][\/vc_row]\" \/>\n<meta property=\"og:url\" content=\"https:\/\/v1-targi.brno.pl\/index.php\/aktualnosci\/\" \/>\n<meta property=\"og:site_name\" content=\"Agencja Promocji Eksportu\" \/>\n<meta property=\"article:publisher\" content=\"https:\/\/www.facebook.com\/TargiBrno\/\" \/>\n<meta property=\"article:modified_time\" content=\"2020-05-12T05:14:25+00:00\" \/>\n<meta name=\"twitter:card\" content=\"summary_large_image\" \/>\n<meta name=\"twitter:site\" content=\"@TargiBrno\" \/>\n<script type=\"application\/ld+json\" class=\"yoast-schema-graph\">{\"@context\":\"https:\\\/\\\/schema.org\",\"@graph\":[{\"@type\":\"WebPage\",\"@id\":\"https:\\\/\\\/v1-targi.brno.pl\\\/index.php\\\/aktualnosci\\\/\",\"url\":\"https:\\\/\\\/v1-targi.brno.pl\\\/index.php\\\/aktualnosci\\\/\",\"name\":\"Aktualno\u015bci &#187; Agencja Promocji Eksportu\",\"isPartOf\":{\"@id\":\"https:\\\/\\\/v1-targi.brno.pl\\\/#website\"},\"datePublished\":\"2018-12-14T12:20:40+00:00\",\"dateModified\":\"2020-05-12T05:14:25+00:00\",\"breadcrumb\":{\"@id\":\"https:\\\/\\\/v1-targi.brno.pl\\\/index.php\\\/aktualnosci\\\/#breadcrumb\"},\"inLanguage\":\"pl-PL\",\"potentialAction\":[{\"@type\":\"ReadAction\",\"target\":[\"https:\\\/\\\/v1-targi.brno.pl\\\/index.php\\\/aktualnosci\\\/\"]}]},{\"@type\":\"BreadcrumbList\",\"@id\":\"https:\\\/\\\/v1-targi.brno.pl\\\/index.php\\\/aktualnosci\\\/#breadcrumb\",\"itemListElement\":[{\"@type\":\"ListItem\",\"position\":1,\"name\":\"Strona g\u0142\u00f3wna\",\"item\":\"https:\\\/\\\/v1-targi.brno.pl\\\/\"},{\"@type\":\"ListItem\",\"position\":2,\"name\":\"Aktualno\u015bci\"}]},{\"@type\":\"WebSite\",\"@id\":\"https:\\\/\\\/v1-targi.brno.pl\\\/#website\",\"url\":\"https:\\\/\\\/v1-targi.brno.pl\\\/\",\"name\":\"Agencja Promocji Eksportu\",\"description\":\"Prosta droga na rynek czeski\",\"alternateName\":\"Targi Brne\u0144skie Czechy\",\"potentialAction\":[{\"@type\":\"SearchAction\",\"target\":{\"@type\":\"EntryPoint\",\"urlTemplate\":\"https:\\\/\\\/v1-targi.brno.pl\\\/?s={search_term_string}\"},\"query-input\":{\"@type\":\"PropertyValueSpecification\",\"valueRequired\":true,\"valueName\":\"search_term_string\"}}],\"inLanguage\":\"pl-PL\"}]}<\/script>\n<!-- \/ Yoast SEO Premium plugin. -->","yoast_head_json":{"title":"Aktualno\u015bci &#187; Agencja Promocji Eksportu","robots":{"index":"index","follow":"follow","max-snippet":"max-snippet:-1","max-image-preview":"max-image-preview:large","max-video-preview":"max-video-preview:-1"},"canonical":"https:\/\/v1-targi.brno.pl\/index.php\/aktualnosci\/","og_locale":"pl_PL","og_type":"article","og_title":"Aktualno\u015bci","og_description":"[vc_row][vc_column][\/vc_column][\/vc_row]","og_url":"https:\/\/v1-targi.brno.pl\/index.php\/aktualnosci\/","og_site_name":"Agencja Promocji Eksportu","article_publisher":"https:\/\/www.facebook.com\/TargiBrno\/","article_modified_time":"2020-05-12T05:14:25+00:00","twitter_card":"summary_large_image","twitter_site":"@TargiBrno","schema":{"@context":"https:\/\/schema.org","@graph":[{"@type":"WebPage","@id":"https:\/\/v1-targi.brno.pl\/index.php\/aktualnosci\/","url":"https:\/\/v1-targi.brno.pl\/index.php\/aktualnosci\/","name":"Aktualno\u015bci &#187; Agencja Promocji Eksportu","isPartOf":{"@id":"https:\/\/v1-targi.brno.pl\/#website"},"datePublished":"2018-12-14T12:20:40+00:00","dateModified":"2020-05-12T05:14:25+00:00","breadcrumb":{"@id":"https:\/\/v1-targi.brno.pl\/index.php\/aktualnosci\/#breadcrumb"},"inLanguage":"pl-PL","potentialAction":[{"@type":"ReadAction","target":["https:\/\/v1-targi.brno.pl\/index.php\/aktualnosci\/"]}]},{"@type":"BreadcrumbList","@id":"https:\/\/v1-targi.brno.pl\/index.php\/aktualnosci\/#breadcrumb","itemListElement":[{"@type":"ListItem","position":1,"name":"Strona g\u0142\u00f3wna","item":"https:\/\/v1-targi.brno.pl\/"},{"@type":"ListItem","position":2,"name":"Aktualno\u015bci"}]},{"@type":"WebSite","@id":"https:\/\/v1-targi.brno.pl\/#website","url":"https:\/\/v1-targi.brno.pl\/","name":"Agencja Promocji Eksportu","description":"Prosta droga na rynek czeski","alternateName":"Targi Brne\u0144skie Czechy","potentialAction":[{"@type":"SearchAction","target":{"@type":"EntryPoint","urlTemplate":"https:\/\/v1-targi.brno.pl\/?s={search_term_string}"},"query-input":{"@type":"PropertyValueSpecification","valueRequired":true,"valueName":"search_term_string"}}],"inLanguage":"pl-PL"}]}},"_links":{"self":[{"href":"https:\/\/v1-targi.brno.pl\/index.php\/wp-json\/wp\/v2\/pages\/1734","targetHints":{"allow":["GET"]}}],"collection":[{"href":"https:\/\/v1-targi.brno.pl\/index.php\/wp-json\/wp\/v2\/pages"}],"about":[{"href":"https:\/\/v1-targi.brno.pl\/index.php\/wp-json\/wp\/v2\/types\/page"}],"author":[{"embeddable":true,"href":"https:\/\/v1-targi.brno.pl\/index.php\/wp-json\/wp\/v2\/users\/5"}],"replies":[{"embeddable":true,"href":"https:\/\/v1-targi.brno.pl\/index.php\/wp-json\/wp\/v2\/comments?post=1734"}],"version-history":[{"count":2,"href":"https:\/\/v1-targi.brno.pl\/index.php\/wp-json\/wp\/v2\/pages\/1734\/revisions"}],"predecessor-version":[{"id":4153,"href":"https:\/\/v1-targi.brno.pl\/index.php\/wp-json\/wp\/v2\/pages\/1734\/revisions\/4153"}],"wp:attachment":[{"href":"https:\/\/v1-targi.brno.pl\/index.php\/wp-json\/wp\/v2\/media?parent=1734"}],"curies":[{"name":"wp","href":"https:\/\/api.w.org\/{rel}","templated":true}]}}